{"id":326,"date":"2024-07-01T16:49:02","date_gmt":"2024-07-01T19:49:02","guid":{"rendered":"https:\/\/euamocosturar.com.br\/loja\/?post_type=product&#038;p=326"},"modified":"2026-03-20T00:29:09","modified_gmt":"2026-03-20T03:29:09","slug":"molde-porta-oculos","status":"publish","type":"product","link":"https:\/\/euamocosturar.com.br\/loja\/produto\/molde-porta-oculos\/","title":{"rendered":"MOLDE porta-\u00f3culos"},"content":{"rendered":"","protected":false},"excerpt":{"rendered":"<p>\u2665 Este molde est\u00e1 pronto para impress\u00e3o em casa no formato PDF para impress\u00e3o em folha A4<\/p>\n<p>Veja a aula gratuita do porta-\u00f3culos:<\/p>\n<p><a href=\"https:\/\/www.instagram.com\/p\/ClBYpLQA7GX\/\" target=\"_blank\" rel=\"noopener\">https:\/\/www.instagram.com\/p\/ClBYpLQA7GX\/<\/a><\/p>\n<p><span style=\"color: #ff0000;\">Ap\u00f3s o pagamento do molde voc\u00ea receber\u00e1 um e-mail com o link de acesso para o arquivo e assim poder imprimir quantas vezes quiser!<\/span><\/p>\n<p><span style=\"color: #ff0000;\"><strong>IMPORTANTE: verifique a sua caixa de spam, pois o e-mail com o link de acesso pode ir para l\u00e1<\/strong><\/span><\/p>\n<p>D\u00favidas entrar em contato via WhatsApp comercial no telefone (11) 9951-31038 ou <a href=\"https:\/\/api.whatsapp.com\/send?phone=5511995131038\" target=\"_blank\" rel=\"noopener\">clicando aqui<\/a><\/p>\n","protected":false},"featured_media":328,"template":"","meta":[],"product_brand":[],"product_cat":[33],"product_tag":[],"class_list":{"0":"post-326","1":"product","2":"type-product","3":"status-publish","4":"has-post-thumbnail","6":"product_cat-moldes","8":"first","9":"instock","10":"downloadable","11":"virtual","12":"taxable","13":"purchasable","14":"product-type-simple"},"_links":{"self":[{"href":"https:\/\/euamocosturar.com.br\/loja\/wp-json\/wp\/v2\/product\/326","targetHints":{"allow":["GET"]}}],"collection":[{"href":"https:\/\/euamocosturar.com.br\/loja\/wp-json\/wp\/v2\/product"}],"about":[{"href":"https:\/\/euamocosturar.com.br\/loja\/wp-json\/wp\/v2\/types\/product"}],"wp:featuredmedia":[{"embeddable":true,"href":"https:\/\/euamocosturar.com.br\/loja\/wp-json\/wp\/v2\/media\/328"}],"wp:attachment":[{"href":"https:\/\/euamocosturar.com.br\/loja\/wp-json\/wp\/v2\/media?parent=326"}],"wp:term":[{"taxonomy":"product_brand","embeddable":true,"href":"https:\/\/euamocosturar.com.br\/loja\/wp-json\/wp\/v2\/product_brand?post=326"},{"taxonomy":"product_cat","embeddable":true,"href":"https:\/\/euamocosturar.com.br\/loja\/wp-json\/wp\/v2\/product_cat?post=326"},{"taxonomy":"product_tag","embeddable":true,"href":"https:\/\/euamocosturar.com.br\/loja\/wp-json\/wp\/v2\/product_tag?post=326"}],"curies":[{"name":"wp","href":"https:\/\/api.w.org\/{rel}","templated":true}]}}